{"id":9,"date":"2019-10-07T21:59:18","date_gmt":"2019-10-07T21:59:18","guid":{"rendered":"http:\/\/greenbizzconsulting.co\/sitio\/?page_id=9"},"modified":"2019-10-08T16:42:31","modified_gmt":"2019-10-08T16:42:31","slug":"contexto","status":"publish","type":"page","link":"https:\/\/greenbizzconsulting.com\/sitio\/contexto\/","title":{"rendered":"Contexto"},"content":{"rendered":"\n<p>El mundo r\u00e1pidamente se est\u00e1 orientando a sistemas de producci\u00f3n, comercializaci\u00f3n y consumo m\u00e1s responsables desde el punto de vista ambiental, social y econ\u00f3mico. Esto significa, la apertura de nuevos nichos y segmentos en los grandes bloques econ\u00f3micos para satisfacer una creciente poblaci\u00f3n educada y consciente con su salud, la protecci\u00f3n del medio ambiente y el bienestar de las comunidades campesinas. Las cifras relacionadas con el \u00e1rea sembrada en org\u00e1nicos, el ascenso del consumo de estos productos, la creaci\u00f3n de bioempresas, bionegocios y la aplicaci\u00f3n a econom\u00edas verdes est\u00e1n en pleno auge.<\/p>\n\n\n\n<p><br>Colombia es un terreno muy f\u00e9rtil para la producci\u00f3n sostenible y alternativa,&nbsp; con todos los privilegios que representa su extraordinaria biodiversidad y variedad de ecosistemas, la riqueza multicultural y \u00e9tnica de su poblaci\u00f3n, y por supuesto, la tenacidad de diversas organizaciones ambientalistas y agroecol\u00f3gicas que desde hace d\u00e9cadas, con muchos obst\u00e1culos, han contribuido en la producci\u00f3n de conocimiento y tecnolog\u00edas que respondan a los desaf\u00edos del calentamiento global, el hambre, la pobreza rural y la preocupante insostenibilidad de las grandes ciudades.<\/p>\n\n\n\n<p><br>Green Bizz Consulting se propone coadyuvar en la mejora de los d\u00e9biles indicadores nacionales de crecimiento en la producci\u00f3n, procesamiento, comercializaci\u00f3n, agremiaci\u00f3n y consumo de los bienes y servicios ecol\u00f3gicos.<\/p>\n","protected":false},"excerpt":{"rendered":"<p>El mundo r\u00e1pidamente se est\u00e1 orientando a sistemas de producci\u00f3n, comercializaci\u00f3n y consumo m\u00e1s responsables desde el punto de vista ambiental, social y econ\u00f3mico. Esto significa, la apertura de nuevos nichos y segmentos en los grandes bloques econ\u00f3micos para satisfacer una creciente poblaci\u00f3n educada y consciente con su salud, la protecci\u00f3n del medio ambiente y <a href=\"https:\/\/greenbizzconsulting.com\/sitio\/contexto\/\" rel=\"nofollow\"><span class=\"sr-only\">Read more about Contexto<\/span>[&hellip;]<\/a><\/p>\n","protected":false},"author":1,"featured_media":0,"parent":0,"menu_order":0,"comment_status":"closed","ping_status":"closed","template":"","meta":{"footnotes":""},"_links":{"self":[{"href":"https:\/\/greenbizzconsulting.com\/sitio\/wp-json\/wp\/v2\/pages\/9"}],"collection":[{"href":"https:\/\/greenbizzconsulting.com\/sitio\/wp-json\/wp\/v2\/pages"}],"about":[{"href":"https:\/\/greenbizzconsulting.com\/sitio\/wp-json\/wp\/v2\/types\/page"}],"author":[{"embeddable":true,"href":"https:\/\/greenbizzconsulting.com\/sitio\/wp-json\/wp\/v2\/users\/1"}],"replies":[{"embeddable":true,"href":"https:\/\/greenbizzconsulting.com\/sitio\/wp-json\/wp\/v2\/comments?post=9"}],"version-history":[{"count":1,"href":"https:\/\/greenbizzconsulting.com\/sitio\/wp-json\/wp\/v2\/pages\/9\/revisions"}],"predecessor-version":[{"id":10,"href":"https:\/\/greenbizzconsulting.com\/sitio\/wp-json\/wp\/v2\/pages\/9\/revisions\/10"}],"wp:attachment":[{"href":"https:\/\/greenbizzconsulting.com\/sitio\/wp-json\/wp\/v2\/media?parent=9"}],"curies":[{"name":"wp","href":"https:\/\/api.w.org\/{rel}","templated":true}]}}