{"id":34,"date":"2019-10-07T23:06:45","date_gmt":"2019-10-07T23:06:45","guid":{"rendered":"http:\/\/greenbizzconsulting.co\/sitio\/?page_id=34"},"modified":"2019-10-08T16:42:10","modified_gmt":"2019-10-08T16:42:10","slug":"bioremediacion","status":"publish","type":"page","link":"https:\/\/greenbizzconsulting.com\/sitio\/bioremediacion\/","title":{"rendered":"Bioremediaci\u00f3n."},"content":{"rendered":"\n<p><strong>Bioremediaci\u00f3n de Contaminantes Urbanos y Rurales<\/strong><\/p>\n\n\n\n<ul class=\"wp-block-gallery columns-3 is-cropped wp-block-gallery-1 is-layout-flex wp-block-gallery-is-layout-flex\"><li class=\"blocks-gallery-item\"><figure><img loading=\"lazy\" decoding=\"async\" width=\"640\" height=\"480\" src=\"http:\/\/greenbizzconsulting.co\/sitio\/wp-content\/uploads\/2019\/10\/bioremediacin-1.jpg\" alt=\"\" data-id=\"35\" data-link=\"http:\/\/greenbizzconsulting.co\/sitio\/?attachment_id=35\" class=\"wp-image-35\" srcset=\"https:\/\/greenbizzconsulting.com\/sitio\/wp-content\/uploads\/2019\/10\/bioremediacin-1.jpg 640w, https:\/\/greenbizzconsulting.com\/sitio\/wp-content\/uploads\/2019\/10\/bioremediacin-1-300x225.jpg 300w\" sizes=\"(max-width: 640px) 100vw, 640px\" \/><\/figure><\/li><li class=\"blocks-gallery-item\"><figure><img loading=\"lazy\" decoding=\"async\" width=\"640\" height=\"480\" src=\"http:\/\/greenbizzconsulting.co\/sitio\/wp-content\/uploads\/2019\/10\/bioremediacin-2.jpg\" alt=\"\" data-id=\"36\" data-link=\"http:\/\/greenbizzconsulting.co\/sitio\/?attachment_id=36\" class=\"wp-image-36\" srcset=\"https:\/\/greenbizzconsulting.com\/sitio\/wp-content\/uploads\/2019\/10\/bioremediacin-2.jpg 640w, https:\/\/greenbizzconsulting.com\/sitio\/wp-content\/uploads\/2019\/10\/bioremediacin-2-300x225.jpg 300w\" sizes=\"(max-width: 640px) 100vw, 640px\" \/><\/figure><\/li><li class=\"blocks-gallery-item\"><figure><img loading=\"lazy\" decoding=\"async\" width=\"640\" height=\"480\" src=\"http:\/\/greenbizzconsulting.co\/sitio\/wp-content\/uploads\/2019\/10\/bioremediacin-3.jpg\" alt=\"\" data-id=\"37\" data-link=\"http:\/\/greenbizzconsulting.co\/sitio\/?attachment_id=37\" class=\"wp-image-37\" srcset=\"https:\/\/greenbizzconsulting.com\/sitio\/wp-content\/uploads\/2019\/10\/bioremediacin-3.jpg 640w, https:\/\/greenbizzconsulting.com\/sitio\/wp-content\/uploads\/2019\/10\/bioremediacin-3-300x225.jpg 300w\" sizes=\"(max-width: 640px) 100vw, 640px\" \/><\/figure><\/li><\/ul>\n\n\n\n<p>Identificar y remediar aquellos contaminantes urbanos de tipo domiciliario, comercial, industrial, calidad del aire e inspecci\u00f3n de lotes y otros espacios p\u00fablicos; rurales, como suelos, aguas y saneamiento b\u00e1sico.<\/p>\n","protected":false},"excerpt":{"rendered":"<p>Bioremediaci\u00f3n de Contaminantes Urbanos y Rurales Identificar y remediar aquellos contaminantes urbanos de tipo domiciliario, comercial, industrial, calidad del aire e inspecci\u00f3n de lotes y otros espacios p\u00fablicos; rurales, como suelos, aguas y saneamiento b\u00e1sico.<\/p>\n","protected":false},"author":1,"featured_media":0,"parent":0,"menu_order":0,"comment_status":"closed","ping_status":"closed","template":"","meta":{"footnotes":""},"_links":{"self":[{"href":"https:\/\/greenbizzconsulting.com\/sitio\/wp-json\/wp\/v2\/pages\/34"}],"collection":[{"href":"https:\/\/greenbizzconsulting.com\/sitio\/wp-json\/wp\/v2\/pages"}],"about":[{"href":"https:\/\/greenbizzconsulting.com\/sitio\/wp-json\/wp\/v2\/types\/page"}],"author":[{"embeddable":true,"href":"https:\/\/greenbizzconsulting.com\/sitio\/wp-json\/wp\/v2\/users\/1"}],"replies":[{"embeddable":true,"href":"https:\/\/greenbizzconsulting.com\/sitio\/wp-json\/wp\/v2\/comments?post=34"}],"version-history":[{"count":1,"href":"https:\/\/greenbizzconsulting.com\/sitio\/wp-json\/wp\/v2\/pages\/34\/revisions"}],"predecessor-version":[{"id":38,"href":"https:\/\/greenbizzconsulting.com\/sitio\/wp-json\/wp\/v2\/pages\/34\/revisions\/38"}],"wp:attachment":[{"href":"https:\/\/greenbizzconsulting.com\/sitio\/wp-json\/wp\/v2\/media?parent=34"}],"curies":[{"name":"wp","href":"https:\/\/api.w.org\/{rel}","templated":true}]}}